[INFO] cloning repository https://github.com/bugflug/modpacker
[INFO] running `Command { std: "git" "-c" "credential.helper=" "-c" "credential.helper=/workspace/cargo-home/bin/git-credential-null" "clone" "--bare" "https://github.com/bugflug/modpacker" "/workspace/cache/git-repos/https%3A%2F%2Fgithub.com%2Fbugflug%2Fmodpacker", kill_on_drop: false }`
[INFO] [stderr] Cloning into bare repository '/workspace/cache/git-repos/https%3A%2F%2Fgithub.com%2Fbugflug%2Fmodpacker'...
[INFO] running `Command { std: "git" "rev-parse" "HEAD", kill_on_drop: false }`
[INFO] [stdout] 7854bfc20a7b64d211c13a79b7bfe9b06c85d02b
[INFO] checking bugflug/modpacker against master#9610dfe5a9a731ced1ea4923ecbd0c57fe367898 for beta-170-4
[INFO] running `Command { std: "git" "clone" "/workspace/cache/git-repos/https%3A%2F%2Fgithub.com%2Fbugflug%2Fmodpacker" "/workspace/builds/worker-0-tc1/source", kill_on_drop: false }`
[INFO] [stderr] Cloning into '/workspace/builds/worker-0-tc1/source'...
[INFO] [stderr] done.
[INFO] validating manifest of git repo https://github.com/bugflug/modpacker on toolchain 9610dfe5a9a731ced1ea4923ecbd0c57fe367898
[INFO] running `Command { std: CARGO_HOME="/workspace/cargo-home" RUSTUP_HOME="/workspace/rustup-home" "/workspace/cargo-home/bin/cargo" "+9610dfe5a9a731ced1ea4923ecbd0c57fe367898" "metadata" "--manifest-path" "Cargo.toml" "--no-deps", kill_on_drop: false }`
[INFO] started tweaking git repo https://github.com/bugflug/modpacker
[INFO] finished tweaking git repo https://github.com/bugflug/modpacker
[INFO] tweaked toml for git repo https://github.com/bugflug/modpacker written to /workspace/builds/worker-0-tc1/source/Cargo.toml
[INFO] crate git repo https://github.com/bugflug/modpacker already has a lockfile, it will not be regenerated
[INFO] running `Command { std: CARGO_HOME="/workspace/cargo-home" RUSTUP_HOME="/workspace/rustup-home" "/workspace/cargo-home/bin/cargo" "+9610dfe5a9a731ced1ea4923ecbd0c57fe367898" "fetch" "--manifest-path" "Cargo.toml", kill_on_drop: false }`
[INFO] running `Command { std: "docker" "create" "-v" "/var/lib/crater-agent-workspace/builds/worker-0-tc1/target:/opt/rustwide/target:rw,Z" "-v" "/var/lib/crater-agent-workspace/builds/worker-0-tc1/source:/opt/rustwide/workdir:ro,Z" "-v" "/var/lib/crater-agent-workspace/cargo-home:/opt/rustwide/cargo-home:ro,Z" "-v" "/var/lib/crater-agent-workspace/rustup-home:/opt/rustwide/rustup-home:ro,Z" "-e" "SOURCE_DIR=/opt/rustwide/workdir" "-e" "CARGO_TARGET_DIR=/opt/rustwide/target" "-e" "CARGO_HOME=/opt/rustwide/cargo-home" "-e" "RUSTUP_HOME=/opt/rustwide/rustup-home" "-w" "/opt/rustwide/workdir" "-m" "1610612736" "--user" "0:0" "--network" "none" "ghcr.io/rust-lang/crates-build-env/linux@sha256:19e73879b68f455e41552ea35293514db52ea292d993f571636dbffedb77a1ee" "/opt/rustwide/cargo-home/bin/cargo" "+9610dfe5a9a731ced1ea4923ecbd0c57fe367898" "metadata" "--no-deps" "--format-version=1", kill_on_drop: false }`
[INFO] [stdout] 7ec15752720abef6096f65df8254ddccb19eacfb099f8e7ae4b4ea97ceef515f
[INFO] running `Command { std: "docker" "start" "-a" "7ec15752720abef6096f65df8254ddccb19eacfb099f8e7ae4b4ea97ceef515f", kill_on_drop: false }`
[INFO] running `Command { std: "docker" "inspect" "7ec15752720abef6096f65df8254ddccb19eacfb099f8e7ae4b4ea97ceef515f", kill_on_drop: false }`
[INFO] running `Command { std: "docker" "rm" "-f" "7ec15752720abef6096f65df8254ddccb19eacfb099f8e7ae4b4ea97ceef515f", kill_on_drop: false }`
[INFO] [stdout] 7ec15752720abef6096f65df8254ddccb19eacfb099f8e7ae4b4ea97ceef515f
[INFO] running `Command { std: "docker" "create" "-v" "/var/lib/crater-agent-workspace/builds/worker-0-tc1/target:/opt/rustwide/target:rw,Z" "-v" "/var/lib/crater-agent-workspace/builds/worker-0-tc1/source:/opt/rustwide/workdir:ro,Z" "-v" "/var/lib/crater-agent-workspace/cargo-home:/opt/rustwide/cargo-home:ro,Z" "-v" "/var/lib/crater-agent-workspace/rustup-home:/opt/rustwide/rustup-home:ro,Z" "-e" "SOURCE_DIR=/opt/rustwide/workdir" "-e" "CARGO_TARGET_DIR=/opt/rustwide/target" "-e" "CARGO_INCREMENTAL=0" "-e" "RUST_BACKTRACE=full" "-e" "RUSTFLAGS=--cap-lints=forbid" "-e" "RUSTDOCFLAGS=--cap-lints=forbid" "-e" "CARGO_HOME=/opt/rustwide/cargo-home" "-e" "RUSTUP_HOME=/opt/rustwide/rustup-home" "-w" "/opt/rustwide/workdir" "-m" "1610612736" "--user" "0:0" "--network" "none" "ghcr.io/rust-lang/crates-build-env/linux@sha256:19e73879b68f455e41552ea35293514db52ea292d993f571636dbffedb77a1ee" "/opt/rustwide/cargo-home/bin/cargo" "+9610dfe5a9a731ced1ea4923ecbd0c57fe367898" "check" "--frozen" "--all" "--all-targets" "--message-format=json", kill_on_drop: false }`
[INFO] [stdout] eeee4e6299ae2bdb1c78e9835153e80f1a6c7b2e00b3cba444d224b837170660
[INFO] running `Command { std: "docker" "start" "-a" "eeee4e6299ae2bdb1c78e9835153e80f1a6c7b2e00b3cba444d224b837170660", kill_on_drop: false }`
[INFO] [stderr]    Compiling syn v1.0.96
[INFO] [stderr]     Checking once_cell v1.12.0
[INFO] [stderr]    Compiling num-traits v0.2.15
[INFO] [stderr]    Compiling pkg-config v0.3.25
[INFO] [stderr]     Checking getrandom v0.2.6
[INFO] [stderr]     Checking smallvec v1.8.0
[INFO] [stderr]    Compiling xml-rs v0.8.4
[INFO] [stderr]     Checking nix v0.22.3
[INFO] [stderr]     Checking num_cpus v1.13.1
[INFO] [stderr]    Compiling ahash v0.7.6
[INFO] [stderr]    Compiling crossbeam-utils v0.8.8
[INFO] [stderr]    Compiling futures-core v0.3.21
[INFO] [stderr]     Checking raw-window-handle v0.4.3
[INFO] [stderr]    Compiling wayland-scanner v0.29.4
[INFO] [stderr]    Compiling futures-channel v0.3.21
[INFO] [stderr]    Compiling wayland-sys v0.29.4
[INFO] [stderr]     Checking rand_core v0.6.3
[INFO] [stderr]    Compiling crossbeam-epoch v0.9.8
[INFO] [stderr]     Checking futures-sink v0.3.21
[INFO] [stderr]     Checking rand_chacha v0.3.1
[INFO] [stderr]     Checking nom v7.1.1
[INFO] [stderr]     Checking parking_lot_core v0.8.5
[INFO] [stderr]     Checking hashbrown v0.11.2
[INFO] [stderr]    Compiling indexmap v1.8.2
[INFO] [stderr]    Compiling rayon-core v1.9.3
[INFO] [stderr]     Checking slab v0.4.6
[INFO] [stderr]     Checking parking_lot v0.11.2
[INFO] [stderr]     Checking rand v0.8.5
[INFO] [stderr]    Compiling smithay-client-toolkit v0.15.4
[INFO] [stderr]    Compiling khronos-egl v4.1.0
[INFO] [stderr]    Compiling wayland-client v0.29.4
[INFO] [stderr]    Compiling wayland-protocols v0.29.4
[INFO] [stderr]     Checking termcolor v1.1.3
[INFO] [stderr]     Checking ttf-parser v0.15.1
[INFO] [stderr]    Compiling ash v0.34.0+1.2.203
[INFO] [stderr]     Checking unicode-width v0.1.9
[INFO] [stderr]     Checking twox-hash v1.6.3
[INFO] [stderr]     Checking codespan-reporting v0.11.1
[INFO] [stderr]     Checking xcursor v0.3.4
[INFO] [stderr]     Checking crossbeam-deque v0.8.1
[INFO] [stderr]     Checking wayland-commons v0.29.4
[INFO] [stderr]     Checking calloop v0.9.3
[INFO] [stderr]     Checking spirv v0.2.0+1.5.4
[INFO] [stderr]     Checking crossbeam-channel v0.5.4
[INFO] [stderr]     Checking memmap2 v0.3.1
[INFO] [stderr]    Compiling rayon v1.5.3
[INFO] [stderr]     Checking hexf-parse v0.2.1
[INFO] [stderr]    Compiling wgpu-core v0.12.2
[INFO] [stderr]     Checking gpu-descriptor v0.2.2
[INFO] [stderr]     Checking owned_ttf_parser v0.15.0
[INFO] [stderr]     Checking gpu-alloc v0.5.3
[INFO] [stderr]    Compiling glam v0.10.2
[INFO] [stderr]     Checking ab_glyph v0.2.15
[INFO] [stderr]     Checking iced_core v0.5.0
[INFO] [stderr]     Checking wgpu-types v0.12.0
[INFO] [stderr]     Checking arrayvec v0.7.2
[INFO] [stderr]     Checking glow v0.11.2
[INFO] [stderr]     Checking wayland-cursor v0.29.4
[INFO] [stderr]     Checking either v1.6.1
[INFO] [stderr]     Checking renderdoc-sys v0.7.1
[INFO] [stderr]     Checking profiling v1.0.6
[INFO] [stderr]     Checking iced_style v0.4.0
[INFO] [stderr]     Checking approx v0.5.1
[INFO] [stderr]    Compiling x11-dl v2.19.1
[INFO] [stderr]     Checking gethostname v0.2.3
[INFO] [stderr]     Checking unicode-segmentation v1.9.0
[INFO] [stderr]     Checking glyph_brush_layout v0.2.3
[INFO] [stderr]     Checking x11rb v0.9.0
[INFO] [stderr]     Checking ordered-float v3.0.0
[INFO] [stderr]    Compiling winit v0.26.1
[INFO] [stderr]     Checking euclid v0.22.7
[INFO] [stderr]    Compiling thiserror-impl v1.0.31
[INFO] [stderr]    Compiling futures-macro v0.3.21
[INFO] [stderr]    Compiling bytemuck_derive v1.1.0
[INFO] [stderr]     Checking glyph_brush_draw_cache v0.1.5
[INFO] [stderr]     Checking glyph_brush v0.7.4
[INFO] [stderr]     Checking raw-window-handle v0.3.4
[INFO] [stderr]     Checking mutate_once v0.1.1
[INFO] [stderr]     Checking guillotiere v0.6.2
[INFO] [stderr]     Checking kamadak-exif v0.5.4
[INFO] [stderr]     Checking futures-util v0.3.21
[INFO] [stderr]     Checking bytemuck v1.9.1
[INFO] [stderr]     Checking thiserror v1.0.31
[INFO] [stderr]     Checking naga v0.8.5
[INFO] [stderr]     Checking clipboard_x11 v0.4.0
[INFO] [stderr]     Checking futures-executor v0.3.21
[INFO] [stderr]     Checking futures v0.3.21
[INFO] [stderr]     Checking iced_futures v0.4.1
[INFO] [stderr]     Checking iced_native v0.5.1
[INFO] [stderr]     Checking iced_graphics v0.3.0
[INFO] [stderr]     Checking wgpu-hal v0.12.5
[INFO] [stderr]     Checking smithay-clipboard v0.6.5
[INFO] [stderr]     Checking clipboard_wayland v0.2.0
[INFO] [stderr]     Checking window_clipboard v0.2.3
[INFO] [stderr]     Checking iced_winit v0.4.0
[INFO] [stderr]     Checking wgpu v0.12.0
[INFO] [stderr]     Checking wgpu_glyph v0.16.0
[INFO] [stderr]     Checking iced_wgpu v0.5.1
[INFO] [stderr]     Checking iced v0.4.2
[INFO] [stderr]     Checking modpacker v0.0.1 (/opt/rustwide/workdir)
[INFO] [stdout] warning: unused import: `std::collections::HashMap`
[INFO] [stdout]  --> src/main.rs:1:5
[INFO] [stdout]   |
[INFO] [stdout] 1 | use std::collections::HashMap;
[INFO] [stdout]   |     ^^^^^^^^^^^^^^^^^^^^^^^^^
[INFO] [stdout]   |
[INFO] [stdout]   = note: `#[warn(unused_imports)]` on by default
[INFO] [stdout] 
[INFO] [stdout] 
[INFO] [stdout] warning: unused import: `std::fmt::Error`
[INFO] [stdout]  --> src/view/mod.rs:1:5
[INFO] [stdout]   |
[INFO] [stdout] 1 | use std::fmt::Error;
[INFO] [stdout]   |     ^^^^^^^^^^^^^^^
[INFO] [stdout] 
[INFO] [stdout] 
[INFO] [stdout] warning: unused import: `iced::Element`
[INFO] [stdout]  --> src/view/page/mod.rs:1:5
[INFO] [stdout]   |
[INFO] [stdout] 1 | use iced::Element;
[INFO] [stdout]   |     ^^^^^^^^^^^^^
[INFO] [stdout] 
[INFO] [stdout] 
[INFO] [stdout] warning: unused import: `crate::message::MessageHandle`
[INFO] [stdout]  --> src/view/page/mod.rs:2:5
[INFO] [stdout]   |
[INFO] [stdout] 2 | use crate::message::MessageHandle;
[INFO] [stdout]   |     ^^^^^^^^^^^^^^^^^^^^^^^^^^^^^
[INFO] [stdout] 
[INFO] [stdout] 
[INFO] [stdout] warning: unused import: `ViewMessage`
[INFO] [stdout]  --> src/main.rs:7:24
[INFO] [stdout]   |
[INFO] [stdout] 7 | use view::{page, View, ViewMessage};
[INFO] [stdout]   |                        ^^^^^^^^^^^
[INFO] [stdout] 
[INFO] [stdout] 
[INFO] [stdout] warning: unused import: `std::error::Error`
[INFO] [stdout]  --> src/route/mod.rs:2:5
[INFO] [stdout]   |
[INFO] [stdout] 2 | use std::error::Error;
[INFO] [stdout]   |     ^^^^^^^^^^^^^^^^^
[INFO] [stdout] 
[INFO] [stdout] 
[INFO] [stdout] warning: unused import: `Element`
[INFO] [stdout]  --> src/route/mod.rs:3:12
[INFO] [stdout]   |
[INFO] [stdout] 3 | use iced::{Element, Command, Application};
[INFO] [stdout]   |            ^^^^^^^
[INFO] [stdout] 
[INFO] [stdout] 
[INFO] [stdout] warning: unused import: `std::collections::HashMap`
[INFO] [stdout]  --> src/main.rs:1:5
[INFO] [stdout]   |
[INFO] [stdout] 1 | use std::collections::HashMap;
[INFO] [stdout]   |     ^^^^^^^^^^^^^^^^^^^^^^^^^
[INFO] [stdout]   |
[INFO] [stdout]   = note: `#[warn(unused_imports)]` on by default
[INFO] [stdout] 
[INFO] [stdout] 
[INFO] [stdout] warning: unused import: `crate::view`
[INFO] [stdout]  --> src/route/mod.rs:5:5
[INFO] [stdout]   |
[INFO] [stdout] 5 | use crate::view;
[INFO] [stdout]   |     ^^^^^^^^^^^
[INFO] [stdout] 
[INFO] [stdout] 
[INFO] [stdout] warning: unused import: `Page`
[INFO] [stdout]  --> src/route/mod.rs:7:25
[INFO] [stdout]   |
[INFO] [stdout] 7 | use crate::view::page::{Page, PageRef};
[INFO] [stdout]   |                         ^^^^
[INFO] [stdout] 
[INFO] [stdout] 
[INFO] [stdout] warning: unused import: `std::fmt::Error`
[INFO] [stdout]  --> src/view/mod.rs:1:5
[INFO] [stdout]   |
[INFO] [stdout] 1 | use std::fmt::Error;
[INFO] [stdout]   |     ^^^^^^^^^^^^^^^
[INFO] [stdout] 
[INFO] [stdout] 
[INFO] [stdout] warning: unused import: `crate::page::Test`
[INFO] [stdout]  --> src/route/mod.rs:9:5
[INFO] [stdout]   |
[INFO] [stdout] 9 | use crate::page::Test;
[INFO] [stdout]   |     ^^^^^^^^^^^^^^^^^
[INFO] [stdout] 
[INFO] [stdout] 
[INFO] [stdout] warning: unused import: `iced::Element`
[INFO] [stdout]  --> src/view/page/mod.rs:1:5
[INFO] [stdout]   |
[INFO] [stdout] 1 | use iced::Element;
[INFO] [stdout]   |     ^^^^^^^^^^^^^
[INFO] [stdout] 
[INFO] [stdout] 
[INFO] [stdout] warning: unused import: `crate::message::MessageHandle`
[INFO] [stdout]  --> src/view/page/mod.rs:2:5
[INFO] [stdout]   |
[INFO] [stdout] 2 | use crate::message::MessageHandle;
[INFO] [stdout]   |     ^^^^^^^^^^^^^^^^^^^^^^^^^^^^^
[INFO] [stdout] 
[INFO] [stdout] 
[INFO] [stdout] warning: unused import: `ViewMessage`
[INFO] [stdout]  --> src/main.rs:7:24
[INFO] [stdout]   |
[INFO] [stdout] 7 | use view::{page, View, ViewMessage};
[INFO] [stdout]   |                        ^^^^^^^^^^^
[INFO] [stdout] 
[INFO] [stdout] 
[INFO] [stdout] warning: unused import: `std::error::Error`
[INFO] [stdout]  --> src/route/mod.rs:2:5
[INFO] [stdout]   |
[INFO] [stdout] 2 | use std::error::Error;
[INFO] [stdout]   |     ^^^^^^^^^^^^^^^^^
[INFO] [stdout] 
[INFO] [stdout] 
[INFO] [stdout] warning: unused import: `Element`
[INFO] [stdout]  --> src/route/mod.rs:3:12
[INFO] [stdout]   |
[INFO] [stdout] 3 | use iced::{Element, Command, Application};
[INFO] [stdout]   |            ^^^^^^^
[INFO] [stdout] 
[INFO] [stdout] 
[INFO] [stdout] warning: unused import: `crate::view`
[INFO] [stdout]  --> src/route/mod.rs:5:5
[INFO] [stdout]   |
[INFO] [stdout] 5 | use crate::view;
[INFO] [stdout]   |     ^^^^^^^^^^^
[INFO] [stdout] 
[INFO] [stdout] 
[INFO] [stdout] warning: unused import: `Page`
[INFO] [stdout]  --> src/route/mod.rs:7:25
[INFO] [stdout]   |
[INFO] [stdout] 7 | use crate::view::page::{Page, PageRef};
[INFO] [stdout]   |                         ^^^^
[INFO] [stdout] 
[INFO] [stdout] 
[INFO] [stdout] warning: unused import: `crate::page::Test`
[INFO] [stdout]  --> src/route/mod.rs:9:5
[INFO] [stdout]   |
[INFO] [stdout] 9 | use crate::page::Test;
[INFO] [stdout]   |     ^^^^^^^^^^^^^^^^^
[INFO] [stdout] 
[INFO] [stdout] 
[INFO] [stdout] error[E0277]: `(dyn Page + 'static)` cannot be shared between threads safely
[INFO] [stdout]    --> src/main.rs:22:20
[INFO] [stdout]     |
[INFO] [stdout] 22  |     type Message = Message<'app>;
[INFO] [stdout]     |                    ^^^^^^^^^^^^^ `(dyn Page + 'static)` cannot be shared between threads safely
[INFO] [stdout]     |
[INFO] [stdout]     = help: the trait `Sync` is not implemented for `(dyn Page + 'static)`
[INFO] [stdout]     = note: required for `Unique<(dyn Page + 'static)>` to implement `Sync`
[INFO] [stdout] note: required because it appears within the type `Box<dyn Page>`
[INFO] [stdout]    --> /rustc/9610dfe5a9a731ced1ea4923ecbd0c57fe367898/library/alloc/src/boxed.rs:195:12
[INFO] [stdout]     = note: required because it appears within the type `(String, Box<dyn Page>)`
[INFO] [stdout]     = note: required for `hashbrown::raw::RawTable<(String, Box<(dyn Page + 'static)>)>` to implement `Sync`
[INFO] [stdout] note: required because it appears within the type `HashMap<String, Box<dyn Page>, RandomState>`
[INFO] [stdout]    --> /cargo/registry/src/index.crates.io-6f17d22bba15001f/hashbrown-0.13.1/src/map.rs:188:12
[INFO] [stdout] note: required because it appears within the type `HashMap<String, Box<dyn Page>>`
[INFO] [stdout]    --> /rustc/9610dfe5a9a731ced1ea4923ecbd0c57fe367898/library/std/src/collections/hash/map.rs:214:12
[INFO] [stdout] note: required because it appears within the type `Routes`
[INFO] [stdout]    --> src/route/mod.rs:30:12
[INFO] [stdout]     |
[INFO] [stdout] 30  | pub struct Routes {
[INFO] [stdout]     |            ^^^^^^
[INFO] [stdout]     = note: required for `&'app Routes` to implement `std::marker::Send`
[INFO] [stdout] note: required because it appears within the type `RouteMessage<'app>`
[INFO] [stdout]    --> src/route/mod.rs:12:10
[INFO] [stdout]     |
[INFO] [stdout] 12  | pub enum RouteMessage<'a> {
[INFO] [stdout]     |          ^^^^^^^^^^^^
[INFO] [stdout] note: required because it appears within the type `Message<'app>`
[INFO] [stdout]    --> src/message.rs:7:10
[INFO] [stdout]     |
[INFO] [stdout] 7   | pub enum Message<'a> {
[INFO] [stdout]     |          ^^^^^^^
[INFO] [stdout] note: required by a bound in `iced::Application::Message`
[INFO] [stdout]    --> /opt/rustwide/cargo-home/registry/src/index.crates.io-6f17d22bba15001f/iced-0.4.2/src/application.rs:100:37
[INFO] [stdout]     |
[INFO] [stdout] 100 |     type Message: std::fmt::Debug + Send;
[INFO] [stdout]     |                                     ^^^^ required by this bound in `Application::Message`
[INFO] [stdout] 
[INFO] [stdout] 
[INFO] [stdout] error[E0277]: `(dyn Page + 'static)` cannot be shared between threads safely
[INFO] [stdout]    --> src/main.rs:22:20
[INFO] [stdout]     |
[INFO] [stdout] 22  |     type Message = Message<'app>;
[INFO] [stdout]     |                    ^^^^^^^^^^^^^ `(dyn Page + 'static)` cannot be shared between threads safely
[INFO] [stdout]     |
[INFO] [stdout]     = help: the trait `Sync` is not implemented for `(dyn Page + 'static)`
[INFO] [stdout]     = note: required for `Unique<(dyn Page + 'static)>` to implement `Sync`
[INFO] [stdout] note: required because it appears within the type `Box<dyn Page>`
[INFO] [stdout]    --> /rustc/9610dfe5a9a731ced1ea4923ecbd0c57fe367898/library/alloc/src/boxed.rs:195:12
[INFO] [stdout]     = note: required because it appears within the type `(String, Box<dyn Page>)`
[INFO] [stdout]     = note: required for `hashbrown::raw::RawTable<(String, Box<(dyn Page + 'static)>)>` to implement `Sync`
[INFO] [stdout] note: required because it appears within the type `HashMap<String, Box<dyn Page>, RandomState>`
[INFO] [stdout]    --> /cargo/registry/src/index.crates.io-6f17d22bba15001f/hashbrown-0.13.1/src/map.rs:188:12
[INFO] [stdout] note: required because it appears within the type `HashMap<String, Box<dyn Page>>`
[INFO] [stdout]    --> /rustc/9610dfe5a9a731ced1ea4923ecbd0c57fe367898/library/std/src/collections/hash/map.rs:214:12
[INFO] [stdout] note: required because it appears within the type `Routes`
[INFO] [stdout]    --> src/route/mod.rs:30:12
[INFO] [stdout]     |
[INFO] [stdout] 30  | pub struct Routes {
[INFO] [stdout]     |            ^^^^^^
[INFO] [stdout]     = note: required for `&'app Routes` to implement `std::marker::Send`
[INFO] [stdout] note: required because it appears within the type `RouteMessage<'app>`
[INFO] [stdout]    --> src/route/mod.rs:12:10
[INFO] [stdout]     |
[INFO] [stdout] 12  | pub enum RouteMessage<'a> {
[INFO] [stdout]     |          ^^^^^^^^^^^^
[INFO] [stdout] note: required because it appears within the type `Message<'app>`
[INFO] [stdout]    --> src/message.rs:7:10
[INFO] [stdout]     |
[INFO] [stdout] 7   | pub enum Message<'a> {
[INFO] [stdout]     |          ^^^^^^^
[INFO] [stdout] note: required by a bound in `iced::Application::Message`
[INFO] [stdout]    --> /opt/rustwide/cargo-home/registry/src/index.crates.io-6f17d22bba15001f/iced-0.4.2/src/application.rs:100:37
[INFO] [stdout]     |
[INFO] [stdout] 100 |     type Message: std::fmt::Debug + Send;
[INFO] [stdout]     |                                     ^^^^ required by this bound in `Application::Message`
[INFO] [stdout] 
[INFO] [stdout] 
[INFO] [stdout] error[E0277]: `Routes` doesn't implement `Debug`
[INFO] [stdout]   --> src/route/mod.rs:13:16
[INFO] [stdout]    |
[INFO] [stdout] 11 | #[derive(Debug, Clone)]
[INFO] [stdout]    |          ----- in this derive macro expansion
[INFO] [stdout] 12 | pub enum RouteMessage<'a> {
[INFO] [stdout] 13 |     Go(String, &'a Routes),
[INFO] [stdout]    |                ^^^^^^^^^^ `Routes` cannot be formatted using `{:?}`
[INFO] [stdout]    |
[INFO] [stdout]    = help: the trait `Debug` is not implemented for `Routes`
[INFO] [stdout]    = note: add `#[derive(Debug)]` to `Routes` or manually `impl Debug for Routes`
[INFO] [stdout]    = note: this error originates in the derive macro `Debug` (in Nightly builds, run with -Z macro-backtrace for more info)
[INFO] [stdout] 
[INFO] [stdout] 
[INFO] [stdout] error[E0277]: `Routes` doesn't implement `Debug`
[INFO] [stdout]   --> src/route/mod.rs:13:16
[INFO] [stdout]    |
[INFO] [stdout] 11 | #[derive(Debug, Clone)]
[INFO] [stdout]    |          ----- in this derive macro expansion
[INFO] [stdout] 12 | pub enum RouteMessage<'a> {
[INFO] [stdout] 13 |     Go(String, &'a Routes),
[INFO] [stdout]    |                ^^^^^^^^^^ `Routes` cannot be formatted using `{:?}`
[INFO] [stdout]    |
[INFO] [stdout]    = help: the trait `Debug` is not implemented for `Routes`
[INFO] [stdout]    = note: add `#[derive(Debug)]` to `Routes` or manually `impl Debug for Routes`
[INFO] [stdout]    = note: this error originates in the derive macro `Debug` (in Nightly builds, run with -Z macro-backtrace for more info)
[INFO] [stdout] 
[INFO] [stdout] 
[INFO] [stdout] error[E0433]: failed to resolve: use of undeclared crate or module `p`
[INFO] [stdout]   --> src/route/mod.rs:42:26
[INFO] [stdout]    |
[INFO] [stdout] 42 |         self.list.insert(p::get_path(), p);
[INFO] [stdout]    |                          ^ use of undeclared crate or module `p`
[INFO] [stdout] 
[INFO] [stdout] 
[INFO] [stdout] error[E0433]: failed to resolve: use of undeclared crate or module `p`
[INFO] [stdout]   --> src/route/mod.rs:42:26
[INFO] [stdout]    |
[INFO] [stdout] 42 |         self.list.insert(p::get_path(), p);
[INFO] [stdout]    |                          ^ use of undeclared crate or module `p`
[INFO] [stdout] 
[INFO] [stdout] 
[INFO] [stdout] warning: unused import: `View`
[INFO] [stdout]  --> src/main.rs:7:18
[INFO] [stdout]   |
[INFO] [stdout] 7 | use view::{page, View, ViewMessage};
[INFO] [stdout]   |                  ^^^^
[INFO] [stdout] 
[INFO] [stdout] 
[INFO] [stdout] warning: unused import: `crate::view::View`
[INFO] [stdout]  --> src/route/mod.rs:6:5
[INFO] [stdout]   |
[INFO] [stdout] 6 | use crate::view::View;
[INFO] [stdout]   |     ^^^^^^^^^^^^^^^^^
[INFO] [stdout] 
[INFO] [stdout] 
[INFO] [stdout] warning: unused import: `View`
[INFO] [stdout]  --> src/main.rs:7:18
[INFO] [stdout]   |
[INFO] [stdout] 7 | use view::{page, View, ViewMessage};
[INFO] [stdout]   |                  ^^^^
[INFO] [stdout] 
[INFO] [stdout] 
[INFO] [stdout] warning: unused import: `Application`
[INFO] [stdout]  --> src/route/mod.rs:3:30
[INFO] [stdout]   |
[INFO] [stdout] 3 | use iced::{Element, Command, Application};
[INFO] [stdout]   |                              ^^^^^^^^^^^
[INFO] [stdout] 
[INFO] [stdout] 
[INFO] [stdout] warning: unused import: `crate::view::View`
[INFO] [stdout]  --> src/route/mod.rs:6:5
[INFO] [stdout]   |
[INFO] [stdout] 6 | use crate::view::View;
[INFO] [stdout]   |     ^^^^^^^^^^^^^^^^^
[INFO] [stdout] 
[INFO] [stdout] 
[INFO] [stdout] warning: unused import: `Application`
[INFO] [stdout]  --> src/route/mod.rs:3:30
[INFO] [stdout]   |
[INFO] [stdout] 3 | use iced::{Element, Command, Application};
[INFO] [stdout]   |                              ^^^^^^^^^^^
[INFO] [stdout] 
[INFO] [stdout] 
[INFO] [stdout] error: aborting due to 3 previous errors; 13 warnings emitted
[INFO] [stdout] 
[INFO] [stdout] 
[INFO] [stdout] Some errors have detailed explanations: E0277, E0433.
[INFO] [stdout] 
[INFO] [stdout] For more information about an error, try `rustc --explain E0277`.
[INFO] [stdout] 
[INFO] [stdout] error: aborting due to 3 previous errors; 13 warnings emitted
[INFO] [stdout] 
[INFO] [stdout] 
[INFO] [stdout] Some errors have detailed explanations: E0277, E0433.
[INFO] [stdout] 
[INFO] [stdout] For more information about an error, try `rustc --explain E0277`.
[INFO] [stdout] 
[INFO] [stderr] error: could not compile `modpacker` (bin "modpacker") due to 4 previous errors; 13 warnings emitted
[INFO] [stderr] warning: build failed, waiting for other jobs to finish...
[INFO] [stderr] error: could not compile `modpacker` (bin "modpacker" test) due to 4 previous errors; 13 warnings emitted
[INFO] running `Command { std: "docker" "inspect" "eeee4e6299ae2bdb1c78e9835153e80f1a6c7b2e00b3cba444d224b837170660", kill_on_drop: false }`
[INFO] running `Command { std: "docker" "rm" "-f" "eeee4e6299ae2bdb1c78e9835153e80f1a6c7b2e00b3cba444d224b837170660", kill_on_drop: false }`
[INFO] [stdout] eeee4e6299ae2bdb1c78e9835153e80f1a6c7b2e00b3cba444d224b837170660
